953 a multiple of 127?
True
Does 13 divide 6191?
False
Is 20 a factor of 1980?
True
Is 47 a factor of 20445?
True
Does 65 divide 1885?
True
Does 126 divide 6678?
True
Does 17 divide 782?
True
Does 16 divide 15760?
True
Does 48 divide 340?
False
Is 900 a multiple of 20?
True
Is 1935 a multiple of 43?
True
Is 5950 a multiple of 34?
True
Is 68 a factor of 15708?
True
Does 39 divide 1376?
False
Is 10 a factor of 1448?
False
Is 17760 a multiple of 185?
True
Is 8099 a multiple of 24?
False
Is 7242 a multiple of 34?
True
Is 59 a factor of 7493?
True
Is 8 a factor of 983?
False
Does 5 divide 2194?
False
Is 7902 a multiple of 20?
False
Is 6 a factor of 101?
False
Is 18 a factor of 90?
True
Is 131 a factor of 5109?
True
Does 16 divide 29671?
False
Does 14 divide 27888?
True
Does 6 divide 348?
True
Does 69 divide 12175?
False
Does 24 divide 718?
False
Does 12 divide 3108?
True
Is 41 a factor of 1312?
True
Does 62 divide 2431?
False
Is 19 a factor of 13243?
True
Is 1106 a multiple of 79?
True
Is 1747 a multiple of 71?
False
Is 18638 a multiple of 20?
False
Is 22358 a multiple of 193?
False
Does 18 divide 32184?
True
Is 6 a factor of 16555?
False
Does 16 divide 11272?
False
Is 6 a factor of 51?
False
Does 81 divide 3402?
True
Is 2718 a multiple of 38?
False
Does 177 divide 51289?
False
Is 7 a factor of 46818?
False
Is 557 a multiple of 34?
False
Is 36 a multiple of 18?
True
Is 210 a multiple of 3?
True
Is 29040 a multiple of 220?
True
Is 10 a factor of 80020?
True
Is 6 a factor of 19030?
False
Is 9 a factor of 3955?
False
Is 14 a factor of 1876?
True
Is 49 a factor of 588?
True
Is 21 a factor of 62651?
False
Is 2233 a multiple of 77?
True
Is 28820 a multiple of 55?
True
Is 2628 a multiple of 146?
True
Does 6 divide 78?
True
Does 33 divide 1881?
True
Does 3 divide 294?
True
Does 23 divide 2906?
False
Is 609 a multiple of 21?
True
Is 571 a multiple of 77?
False
Is 112 a multiple of 28?
True
Is 681 a multiple of 24?
False
Is 15 a factor of 6176?
False
Is 20010 a multiple of 23?
True
Does 52 divide 104?
True
Does 3 divide 2543?
False
Is 22 a factor of 8074?
True
Is 38640 a multiple of 230?
True
Is 26 a factor of 9091?
False
Does 67 divide 1951?
False
Is 815 a multiple of 71?
False
Is 13 a factor of 2847?
True
Is 2 a factor of 19?
False
Is 17 a factor of 44863?
True
Is 1377 a multiple of 16?
False
Does 20 divide 3380?
True
Does 16 divide 736?
True
Is 134 a multiple of 28?
False
Does 4 divide 308?
True
Is 18564 a multiple of 52?
True
Is 970 a multiple of 13?
False
Is 44 a factor of 3971?
False
Is 1034 a multiple of 2?
True
Is 13 a factor of 8031?
False
Is 27 a factor of 702?
True
Is 4791 a multiple of 142?
False
Is 8907 a multiple of 17?
False
Does 18 divide 710?
False
Is 12 a factor of 1212?
True
Is 44 a factor of 32243?
False
Is 1444 a multiple of 76?
True
Does 48 divide 680?
False
Is 1675 a multiple of 36?
False
Does 32 divide 4362?
False
Is 6 a factor of 318?
True
Is 275 a multiple of 5?
True
Is 694 a multiple of 2?
True
Is 2825 a multiple of 39?
False
Is 23 a factor of 161?
True
Is 1643 a multiple of 31?
True
Is 17 a factor of 791?
False
Does 7 divide 1120?
True
Does 14 divide 6504?
False
Does 19 divide 6145?
False
Does 95 divide 855?
True
Is 87 a factor of 1131?
True
Is 32 a factor of 377?
False
Is 2 a factor of 1456?
True
Is 5360 a multiple of 134?
True
Is 23 a factor of 2530?
True
Is 116 even?
True
Is 576 a multiple of 64?
True
Is 17 a factor of 731?
True
Is 40 a factor of 881?
False
Does 16 divide 1217?
False
Does 24 divide 744?
True
Does 61 divide 578?
False
Is 14289 a multiple of 33?
True
Does 4 divide 824?
True
Is 6 a factor of 110?
False
Is 22 a factor of 1320?
True
Does 293 divide 2682?
False
Is 576 a multiple of 8?
True
Does 19 divide 2039?
False
Is 45 a multiple of 3?
True
Is 4901 a multiple of 47?
False
Is 15 a factor of 31236?
False
Does 21 divide 14307?
False
Is 8204 a multiple of 9?
False
Is 12 a factor of 3919?
False
Is 2550 a multiple of 85?
True
Does 10 divide 27553?
False
Does 11 divide 11174?
False
Does 38 divide 1363?
False
Is 27 a factor of 685?
False
Does 29 divide 290?
True
Does 6 divide 7050?
True
Does 108 divide 8424?
True
Is 10 a factor of 439?
False
Is 33904 a multiple of 16?
True
Is 105 a factor of 8820?
True
Is 735 a multiple of 16?
False
Is 3 a factor of 2015?
False
Is 16 a factor of 3984?
True
Is 7234 a multiple of 19?
False
Does 72 divide 216?
True
Does 3 divide 927?
True
Is 5 a factor of 8160?
True
Is 36 a factor of 2170?
False
Is 58 a factor of 4118?
True
Does 26 divide 767?
False
Does 11 divide 75917?
False
Is 241 a multiple of 15?
False
Does 8 divide 282?
False
Is 282 a multiple of 8?
False
Does 16 divide 620?
False
Is 86 a factor of 996?
False
Is 58 a factor of 1508?
True
Is 40 a factor of 4251?
False
Is 9810 a multiple of 18?
True
Is 22 a factor of 880?
True
Is 17328 a multiple of 114?
True
Is 17 a factor of 1139?
True
Does 53 divide 103827?
True
Does 5 divide 419?
False
Is 22 a factor of 5787?
False
Does 261 divide 29493?
True
Is 35 a factor of 3570?
True
Is 150 a multiple of 20?
False
Is 850 a multiple of 25?
True
Is 97152 a multiple of 22?
True
Does 29 divide 4698?
True
Does 32 divide 6789?
False
Is 11 a factor of 3883?
True
Is 59130 a multiple of 18?
True
Is 379 a multiple of 5?
False
Is 30601 a multiple of 71?
True
Is 3513 a multiple of 199?
False
Does 8 divide 14856?
True
Is 24 a factor of 1881?
False
Does 175 divide 42198?
False
Does 97 divide 12848?
False
Is 12 a factor of 29332?
False
Is 15 a factor of 76320?
True
Is 27 a factor of 200?
False
Is 374 a multiple of 34?
True
Does 8 divide 88?
True
Does 150 divide 34500?
True
Is 73 a factor of 1384?
False
Is 13930 even?
True
Is 1375 a multiple of 101?
False
Does 16 divide 344?
False
Is 67 a factor of 8777?
True
Is 19543 a multiple of 5?
False
Does 30 divide 1232?
False
Is 1092 a multiple of 6?
True
Is 14400 a multiple of 32?
True
Is 171 a multiple of 19?
True
Is 140 a factor of 49280?
True
Is 27554 a multiple of 46?
True
Is 44 a factor of 132?
True
Is 93 a factor of 93279?
True
Is 14 a factor of 1694?
True
Does 43 divide 1978?
True
Is 63 a multiple of 7?
True
Is 102 a factor of 51408?
True
Is 11 a factor of 21296?
True
Is 1218 a multiple of 21?
True
Is 661 a multiple of 16?
False
Does 19 divide 5307?
False
Does 14 divide 813?
False
Is 17940 a multiple of 20?
True
Is 13 a factor of 110565?
True
Is 10 a factor of 565?
False
Is 11418 a multiple of 66?
True
Is 264 a multiple of 11?
True
Is 320 a multiple of 16?
True
Is 4888 a multiple of 52?
True
Does 2 divide 217?
False
Is 17 a factor of 25882?
False
Is 14 a factor of 12365?
False
Does 8 divide 770?
False
Is 30 a factor of 10818?
False
Is 17 a factor of 629?
True
Does 5 divide 140?
True
Is 963 a multiple of 13?
False
Is 2 a factor of 185?
False
Is 13 a factor of 348?
False
Is 300 a factor of 25800?
True
Is 140 a multiple of 2?
True
Is 660 a multiple of 18?
False
Is 719 a multiple of 84?
False
Is 612 a multiple of 93?
False
Is 63 a factor of 2955?
False
Is 19274 a multiple of 73?
False
Is 6507 a multiple of 139?
False
Is 3 a factor of 148?
False
Is 198 a multiple of 27?
False
Is 17 a factor of 28203?
True
Is 13 a factor of 4853?
False
Is 93 a factor of 19666?
False
Does 35 divide 639?
False
Is 7 a factor of 22400?
True
Is 19 a factor of 9291?
True
Does 2 divide 328?
True
Is 26 a factor of 5668?
True
Is 47 a factor of 24156?
False
Is 7 a factor of 224?
True
Is 74 a factor of 296?
True
Is 26316 a multiple of 51?
True
Is 48769 a multiple of 168?
False
Does 11 divide 829?
False
Is 258 a multiple of 14?
False
Is 13 a factor of 312?
True
Is 184 a factor of 552?
True
Does 4 divide 11205?
False
Is 35293 a multiple of 12?
False
Is 5390 a multiple of 10?
True
Does 3 divide 70?
False
Does 5 divide 428?
False
Does 16 divide 2698?
False
Does 23 divide 132893?
False
Is 10 a factor of 1030?
True
Is 3 a factor of 961?
False
Is 6708 a multiple of 86?
True
Is 26425 a multiple of 151?
True
Does 30 divide 206?
False
Does 71 divide 203?
False
Is 1223 even?
False
Is 36888 a multiple of 212?
True
Is 131 a factor of 11777?
False
Is 2 a factor of 617?
False
Does 10 divide 2685?
False
Is 26639 a multiple of 231?
False
Is 2030 a multiple of 35?
True
Is 7 a factor of 209?
False
Is 7 a factor of 875?
True
Is 19 a factor of 275?
False
Is 17 a